*z + 0*z**s + 1 - 5. Suppose -2*r - 2*r - 16 = 0. Calculate y(r).
0
Let b(i) = 5*i - 23*i**2 + 30*i**2 - 3*i + 5*i + i**3. Let y = -20 - -14. Determine b(y).
-6
Let u(h) = -4*h - 5. Let q(o) = -5*o - 6. Let n(p) = -3*q(p) + 4*u(p). Let b(j) = -400*j + 10404. Let x be b(26). Calculate n(x).
-6
Let d(h) be the first derivative of 3/4*h**4 + 5*h - 1/2*h**2 - 6 - 2/3*h**3. Let o(q) = -q**3 - 1. Let i(t) = d(t) + 2*o(t). What is i(3)?
9
Suppose -81 = -20*k + 23*k. Let u = k + 30. Let w(c) = -c**3 + 3*c + 2. Give w(u).
-16
Let u(r) = 9*r + 5. Let b(w) = -1 - 2 - 3*w - 2*w. Let d(j) = 7*b(j) + 4*u(j). What is d(-7)?
-8
Let w(c) = c**3 + 5*c**2 + 5*c + 5. Suppose 3*u - 3*g + 21 = 2*u, -4*u = 5*g + 16. Let o be ((-3)/u*-2)/((-1)/(-6)). Determine w(o).
1
Let i = -26 - -31. Let f(r) = -3*r + 15. Let u be f(i). Suppose t - 5*t + 28 = u. Let b(q) = 2*q - 9. Calculate b(t).
5
Let l(f) = f + 2. Let n(a) = -a**2 + 2*a + 7. Let k be n(7). Let c = k - -31. Determine l(c).
5
Let f be (-96)/14 + (-2)/14. Let t(r) = 10*r**2 - 7*r - 3. Let h(y) = 7*y**2 - 5*y - 2. Let n(l) = f*h(l) + 5*t(l). Determine n(1).
0
Let l(s) = -1. Let z be 2*(((-9)/(-6))/3 + -2). Let r(v) = v**2 + 8*v + 9. Let f(g) = z*l(g) - r(g). Give f(-6).
6
Let x(b) = -5*b**2 - 3*b. Let w(s) = -33*s**2 - 18*s - 2. Let p(f) = 4*w(f) - 26*x(f). Give p(1).
-4
Let j(c) = -56 + 3*c + 55 - 4*c. Let f(n) = -n**2 + 8*n + 14. Let z be f(8). Let u = -17 + z. Determine j(u).
2
Let l = 1055 - 1066. Let a(h) = -h**2 - 12*h - 12. Determine a(l).
-1
Let y(c) = c**2 + 2. Let x(z) = -5*z**2 - 2*z - 9. Let n(l) = x(l) + 4*y(l). Determine n(0).
-1
Let z(w) = 2*w - w - 4 + 84*w**3 - 85*w**3. Calculate z(0).
-4
Let a(d) = 41*d**3 - 6 + 3*d**2 - d**2 + 7 - 37*d**3. What is a(-2)?
-23
Suppose -5*d - 5*g + 82 + 83 = 0, 0 = 4*d + 5*g - 133. Suppose 0*r + d = 4*r. Let c(m) = 2*m - 12. What is c(r)?
4
Let v(u) = 12 + u**2 + 8*u - 21*u + 13*u. Let z = 43 - 43. Calculate v(z).
12
Let w be (2/4)/(1/(-4)*2). Let f(v) = 17*v**3 - v + 10. Let y(o) = 11*o**3 - o + 7. Let j(q) = -5*f(q) + 7*y(q). Determine j(w).
9
Suppose 0*z - 20 = -4*z. Suppose -z*b + 2*m + 23 = -0*m, -5*b + 28 = 3*m. Let p(d) = 3*d**3 - 4 - d**3 - d**3 + d - 5*d**2. What is p(b)?
1
Let d be (-5)/(-5)*5/(-1). Suppose 6*l + 12 = 10*l. Let c(j) = -j**2 + 5 - l*j - 2*j - 6. What is c(d)?
-1
Let t(h) = 9*h + 171. Let j be t(-19). Let c(y) = y**3 - y**2 - 2*y - 1. Calculate c(j).
-1
Let l(u) = u + 8. Let y be l(0). Let o(i) = i**2 - 10*i + 9. Give o(y).
-7
Let q(j) be the second derivative of 5*j - 1/120*j**6 + 0*j**3 - j**2 + 1/12*j**4 + 0 - 1/60*j**5. Let g(k) be the first derivative of q(k). Calculate g(2).
-8
Let b be (9/(9/(-9)))/(-1*1). Suppose 0 = -b*y + y + 32. Let s(c) = -4 - 1 + 2*c - c + c**3 - 4*c**2. What is s(y)?
-1
Let w(s) = -2*s + 6. Let z(g) = 2*g - 7. Let v(l) = 4*w(l) + 3*z(l). Let t be v(5). Let r(x) = 2*x + 7. Give r(t).
-7
Let o(q) be the third derivative of q**5/60 - 19*q**4/24 - 23*q**3/6 + q**2 + 103. What is o(21)?
19
Suppose 0*f - 47 = -3*d - 5*f, -5*d = -5*f - 65. Let a be 1 - (-3 - (-3 + d)). Suppose -2*m + a = m. Let w(c) = 2*c - 3. Calculate w(m).
7
Let h = 23 - 1. Let r(d) = d**2 + 3 - 22*d + h*d. Let k = -3 - -6. Give r(k).
12
Let c(s) = 8*s - 3 + 2 - 6 - 6*s. What is c(5)?
3
Let x(b) be the first derivative of 2 + b - 1/2*b**2. Let y(w) = -4*w + 4. Let p(i) = -7*x(i) + 2*y(i). Give p(3).
-2
Let b(d) be the second derivative of -9/2*d**2 - 1/12*d**4 + 0 + 4*d + d**3. Calculate b(6).
-9
Let c(u) = -2*u + 23. Suppose -3*i + 3*g + 12 = 0, 2*g = i + 14 - 15. Give c(i).
9
Let t be (7/((-14)/(-2)))/(1/2). Let o(u) be the first derivative of 9/2*u**t + 12 + 0*u. Determine o(2).
18
Let y(m) = -m**2 + 8*m - 6. Let b = 4 + -1. Suppose -5*q - b = -28. Calculate y(q).
9
Let l(t) be the first derivative of -18 + 1/3*t**3 + 3*t + 0*t**2. Calculate l(3).
12
Let w be ((-21)/15)/((-3)/15). Suppose 6*k = w*k - 3. Let x(o) = 0*o - 5*o - 3 + 5 + k*o. Calculate x(6).
-10
Suppose x + 6 = 3*x. Suppose x*h = 3 - 0. Let t(r) = 3 - 3*r - h + 4 - 3. What is t(-3)?
12
Let v(r) = r**3 + 13*r**2 + 43*r + 10. Let j be v(-5). Let h(k) = -3*k + 9. Calculate h(j).
24
Let w(k) = k**2 - 11*k + 1. Let i be w(11). Let n(c) = -32*c + 29*c - 2*c**2 + 4*c**2 + i. What is n(2)?
3
Suppose 3*f + 8 - 3 = 4*l, -5*f = -5*l + 5. Let t(h) = -4*h**3 + 0*h**3 + 3*h**3 + 8*h**2 - l + 12 - 7*h. Determine t(7).
10
Let h(p) be the third derivative of p**4/8 + p**3/2 - p**2. Suppose 6*u + 22 = -74. Let y be (22/8 + -2)/((-4)/u). Give h(y).
12
Let b(o) = 11*o + 8. Let s(z) = z + 1. Let x(t) = 2*b(t) - 18*s(t). Let n be -6 - (-13 + 3/1). Suppose n*h - 6*q + 5 = -5*q, 2*q + 12 = -3*h. Calculate x(h).
-10
Let m(g) = 5*g**2 + 5*g + 3. Let p(r) = 3*r**2 + 7*r + 4. Let c(y) = -2*m(y) + 3*p(y). Give c(10).
16
Let n be 4 + 0 + -1 + 1. Let b(r) = -7*r + 3 + n*r + 2*r. What is b(6)?
-3
Let u(z) = 1 - 2 + 7*z + 0. Suppose -5*x + 3*g + 5 = 0, -3*g = 3*x - 6 + 3. Determine u(x).
6
Let r(u) = -u**3 - 2 + 3 + 7*u - 8*u - 2*u**2 - 2*u**2. Let n(i) = 6*i - 1. Let s be n(1). Suppose 0 = -4*d - s - 11. Give r(d).
5
Let j(q) = q**2 - 4*q - 4. Let d(p) = 2*p - 6. Let w be d(2). Let n(k) = k**3 + 3*k**2 - 4*k - 7. Let b be n(w). Give j(b).
1
Let p(y) be the third derivative of y**5/60 + y**4/24 + 12*y**2. Let c(w) = 2*w**2 - 1. Let h(n) = c(n) - 3*p(n). Calculate h(-2).
1
Let l(m) = m**2 - 7*m - 7. Suppose -38 = 2*n + 2*h + 22, 3*n + 5*h = -82. Let f(s) = -s**3 - s + 3. Let j be f(3). Let c = j - n. What is l(c)?
-7
Let z(x) = 2*x + 21. Let j be z(8). Let t(h) = 0 + 3*h**2 - 1 - 39*h**3 + j*h**3 - 2*h. Determine t(2).
-9
Let d be 9*4/6 - 4. Suppose -5*l + 6 = 1. Let i(p) = -l - p + p**d + 1 - p - 1. What is i(2)?
-1
Suppose 0*i = 3*i - 5*s - 13, -4*s = 4*i + 36. Let c(w) = w**3 + 5*w**2 + 2*w + 5. Give c(i).
13
Let h(z) = -z**3 - z**2 - z + 5. Let a be 0/(4 + -3 - 3). Let b be 0*(0 + a + 1). Suppose b*l = -l. Give h(l).
5
Let q(s) be the third derivative of 1/6*s**3 + 0 + s**2 + 0*s - 1/15*s**5 + 1/6*s**4 + 1/120*s**6. What is q(3)?
4
Let m(k) = -k. Let y(c) = c. Let x(n) = -m(n) + 6*y(n). Give x(-1).
-7
Let z(h) = h**3 + 2*h**2 + 3*h. Let s be (4 - 5)*(1 - 1). Let k(f) = -f**3 + f**2 - 2*f + 12. Let a be k(s). Suppose x = 7*x + a. Determine z(x).
-6
Let g(x) = -x**3 - 36 - 43 + 11*x**2 - 6*x - 27 + 128 - 31. Determine g(10).
31
Let y(l) = -l + 5. Let q be 14/(-14)*4/(-2). Suppose 3*i = -23 + q. What is y(i)?
12
Let q(g) = -g**2 + 6*g - 2. Let f = -4 - -9. Suppose -3*b = -4*j + 44, -f*j - b = -49 + 13. Suppose 4*a = 4*t - j, t + 5*a = -t + 25. What is q(t)?
3
Let h(p) = -2*p**3 + p**2 + p - 1. Let w(j) = -5*j**3 - 3*j**2 - j - 2. Let d(z) = 2*h(z) - w(z). Give d(-2).
6
Let c(a) = 3*a**3 + 9*a**2 - 10*a + 5. Let j(g) = -6*g**2 + 12*g**3 + 7*g - 25*g**3 + 11*g**3 - 3. Let o(r) = -5*c(r) - 7*j(r). Give o(-4).
8
Let i(j) = 14 - 11 - 4*j + 2*j. Let o be i(3). Let z(m) = -m**3 - m**2 + 5*m + 3. Give z(o).
6
Let o(r) = r**2 - 10*r + 11. Suppose -29 = -4*p - 5. Suppose 2*s - 10 = p. Give o(s).
-5
Let d(h) = h + 23. Let c = -46 - -53. Let j be (1 - 1)/(c/7). Determine d(j).
23
Let a = 501 + -489. Let n(i) = i - 22. Calculate n(a).
-10
Let i(y) = -5*y**2 - 9*y + 5. Let t(d) = d**2 - 11*d + 28. Let m be t(8). Let s(x) = -6*x**2 - 10*x + 5. Let w(u) = m*s(u) - 5*i(u). Calculate w(-7).
9
Let s(t) = t**2 - 3*t + 3. Suppose 2*h = -0*h + 4*g, -g - 9 = -5*h. Calculate s(h).
1
Let l(g) = 10*g + 60. Let d be l(-6). Let c(u) = 3*u + 3. What is c(d)?
3
Suppose -6 = 5*u - 26. Let m(o) be the second derivative of -o**3/6 + o. What is m(u)?
-4
Suppose -3*j = -5*w - 4 - 11, -j - w + 5 = 0. Suppose 0 = -0*a - 3*a - 15, -15 = j*b - a. Let n = -7 - b. Let o(d) = 2*d**2 + d - 2. Determine o(n).
13
Let j(h) = -6 + 14 - 3 - h - 2 - 2*h. What is j(0)?
3
Let z(x) = x + 3. Suppose 36*v - 31*v = -15. Determine z(v).
0
Let z(n) = -n**2 + 3*n - 1. Let m be z(3). Let x be (-12)/15*(m - -6). Let s(l) = l**3 + 4*l**2 - 3*l - 6. Calculate s(x).
6
Suppose 0 = -2*g - 2*y - 16, -426*y + 38 = -4*g - 431*y. Let b(u) = -1 - u - 5*u - u. Give b(g).
13
Suppose -44 = 5*p - 594. Let w = -119 + p. Let k(a) = a**3 + 10*a**2 + 9*a - 3. Give k(w).
-3
Let a(h) be the second derivative of -h**5/20 - h**4/2 + h**3/6 - 3*h**2 + h. Suppose -5*j - t = 33, 2*j + 7*t + 6 